{"id":6,"date":"2016-01-26T23:56:04","date_gmt":"2016-01-26T22:56:04","guid":{"rendered":"http:\/\/www.ateliersturm.com\/wordpress\/?page_id=6"},"modified":"2020-02-13T14:09:09","modified_gmt":"2020-02-13T13:09:09","slug":"ueber-uns","status":"publish","type":"page","link":"http:\/\/www.ateliersturm.com\/?page_id=6","title":{"rendered":"\u00dcber \/\/"},"content":{"rendered":"<p class=\"western\"><span style=\"color: #000000;\"><span style=\"font-family: Open Sans,serif;\">Mein Anliegen ist es, Spielzeug zu <\/span><\/span><span style=\"color: #000000;\"><span style=\"font-family: Open Sans,serif;\">gestalten<\/span><\/span><span style=\"color: #000000;\"><span style=\"font-family: Open Sans,serif;\">, das hohen qualitativen, p\u00e4dagogischen und \u00e4sthetischen Anspr\u00fcchen gerecht wird.<\/span><\/span><\/p>\n<p class=\"western\"><span style=\"color: #000000;\"><span style=\"font-family: Open Sans,serif;\">Klassisches Design wird mit innovativen Ideen und hochwertigen Materialien kombiniert. Neben zeitgen\u00f6ssischen Ankl\u00e4ngen spielen traditionelle und kunsthandwerkliche Faktoren eine wichtige Rolle. <\/span><\/span><\/p>\n<p class=\"western\"><span style=\"color: #000000;\"><span style=\"font-family: Open Sans,serif;\">Bei den Materialien lege ich Wert auf \u00f6kologisch einwandfreie Rohstoffe. Die Produkte werden mit handwerklicher Perfektion gefertigt, sind langlebig und zeitlos.<\/span><\/span><\/p>\n<p class=\"western\"><span style=\"color: #000000;\"><span style=\"font-family: Open Sans,serif;\">Nach meinem Produktdesign-Studium an der Hochschule der Bildenden K\u00fcnste Saarbr\u00fccken und der \u00c9cole des Beaux-Arts Toulouse folgten <\/span><\/span><span style=\"color: #000000;\"><span style=\"font-family: Open Sans,serif;\">langj\u00e4hrige <\/span><\/span><span style=\"color: #000000;\"><span style=\"font-family: Open Sans,serif;\">Arbeitserfahrungen in den Bereichen Design, Handwerk und P\u00e4dagogik.<\/span><\/span><\/p>\n<p class=\"western\"><span style=\"color: #000000;\"><span style=\"font-family: Open Sans,serif;\">Die Entscheidung Spielzeug zu gestalten verdanke ich nicht zuletzt meinen Eltern. Meine Mutter vermittelt mir \u00fcber ihre Berufserfahrung als Erzieherin wertvolles p\u00e4dagogisches Wissen. Mein Vater, ausgebildeter Restaurator und Werklehrer, hat ein einzigartiges Werk von Spielzeugen geschaffen. Dieses dient mir als Vorbild und Quelle der Inspiration.<\/span><\/span><\/p>\n<p>\u00a0<\/p>\n\n\n<figure class=\"wp-block-image size-large\"><img decoding=\"async\" loading=\"lazy\" width=\"717\" height=\"1024\" src=\"http:\/\/www.ateliersturm.com\/wp-content\/uploads\/2020\/02\/201808_H\u00e4ngepartie-717x1024.jpg\" alt=\"\" class=\"wp-image-799\" srcset=\"http:\/\/www.ateliersturm.com\/wp-content\/uploads\/2020\/02\/201808_H\u00e4ngepartie-717x1024.jpg 717w, http:\/\/www.ateliersturm.com\/wp-content\/uploads\/2020\/02\/201808_H\u00e4ngepartie-210x300.jpg 210w, http:\/\/www.ateliersturm.com\/wp-content\/uploads\/2020\/02\/201808_H\u00e4ngepartie-768x1097.jpg 768w, http:\/\/www.ateliersturm.com\/wp-content\/uploads\/2020\/02\/201808_H\u00e4ngepartie-1075x1536.jpg 1075w, http:\/\/www.ateliersturm.com\/wp-content\/uploads\/2020\/02\/201808_H\u00e4ngepartie-1434x2048.jpg 1434w, http:\/\/www.ateliersturm.com\/wp-content\/uploads\/2020\/02\/201808_H\u00e4ngepartie-scaled.jpg 1792w\" sizes=\"(max-width: 717px) 100vw, 717px\" \/><\/figure>\n","protected":false},"excerpt":{"rendered":"<p>Mein Anliegen ist es, Spielzeug zu gestalten, das hohen qualitativen, p\u00e4dagogischen und \u00e4sthetischen Anspr\u00fcchen gerecht wird. Klassisches Design wird mit innovativen Ideen und hochwertigen Materialien kombiniert. Neben zeitgen\u00f6ssischen Ankl\u00e4ngen spielen traditionelle und kunsthandwerkliche Faktoren eine wichtige Rolle. Bei den Materialien lege ich Wert auf \u00f6kologisch einwandfreie Rohstoffe. Die Produkte werden mit handwerklicher Perfektion gefertigt, sind &#8230; <span class=\"more\"><a class=\"more-link\" href=\"http:\/\/www.ateliersturm.com\/?page_id=6\">[Read more&#8230;]<\/a><\/span><\/p>\n","protected":false},"author":1,"featured_media":0,"parent":0,"menu_order":0,"comment_status":"closed","ping_status":"closed","template":"","meta":[],"_links":{"self":[{"href":"http:\/\/www.ateliersturm.com\/index.php?rest_route=\/wp\/v2\/pages\/6"}],"collection":[{"href":"http:\/\/www.ateliersturm.com\/index.php?rest_route=\/wp\/v2\/pages"}],"about":[{"href":"http:\/\/www.ateliersturm.com\/index.php?rest_route=\/wp\/v2\/types\/page"}],"author":[{"embeddable":true,"href":"http:\/\/www.ateliersturm.com\/index.php?rest_route=\/wp\/v2\/users\/1"}],"replies":[{"embeddable":true,"href":"http:\/\/www.ateliersturm.com\/index.php?rest_route=%2Fwp%2Fv2%2Fcomments&post=6"}],"version-history":[{"count":43,"href":"http:\/\/www.ateliersturm.com\/index.php?rest_route=\/wp\/v2\/pages\/6\/revisions"}],"predecessor-version":[{"id":801,"href":"http:\/\/www.ateliersturm.com\/index.php?rest_route=\/wp\/v2\/pages\/6\/revisions\/801"}],"wp:attachment":[{"href":"http:\/\/www.ateliersturm.com\/index.php?rest_route=%2Fwp%2Fv2%2Fmedia&parent=6"}],"curies":[{"name":"wp","href":"https:\/\/api.w.org\/{rel}","templated":true}]}}